{"id":49,"date":"2024-01-02T11:31:24","date_gmt":"2024-01-02T11:31:24","guid":{"rendered":"https:\/\/barefoot-munich.de\/?page_id=49"},"modified":"2025-06-23T07:07:07","modified_gmt":"2025-06-23T07:07:07","slug":"agb","status":"publish","type":"page","link":"https:\/\/barefoot-allgaeu.de\/?page_id=49","title":{"rendered":"AGB"},"content":{"rendered":"\n<p><strong>Barefoot Allg\u00e4u<\/strong><\/p>\n\n\n\n<p>ALL\u00adGE\u00adMEINE GESCH\u00c4FTSBEDINGUNGEN<\/p>\n\n\n\n<p>I. GEL\u00adTUNGS\u00adBERE\u00adICH<\/p>\n\n\n\n<p>1. F\u00fcr alle zwis\u00adchen Barefoot Allg\u00e4u, Gr\u00fcntenstr. 6, 87509 Immenstadt und seinen Kun\u00adden in den Bere\u00adichen l\u00e4uferische Train\u00adings\u00adbe\u00adtreu\u00adung und Train\u00adings\u00adber\u00adatung abzuschlie\u00dfen\u00adden Vertr\u00e4ge gel\u00adten auss\u00adchlie\u00dflich die nach\u00adfol\u00adgen\u00adden Bedin\u00adgun\u00adgen in ihrer zum Zeit\u00adpunkt des Ver\u00adtragss\u00adchlusses g\u00fclti\u00adgen Fas\u00adsung. Diese k\u00f6n\u00adnen unter der Webadresse\u00a0<a href=\"https:\/\/barefootmunich.com\/agb\">https:\/\/barefootmunich.com\/agb<\/a>\u00a0jed\u00aderzeit aufgerufen und mit Hilfe Ihres Inter\u00adnet\u00adbrowsers aus\u00adgedruckt oder auf Ihrem Rech\u00adner gespe\u00adichert werden.<\/p>\n\n\n\n<p>II. VER\u00adTRAGSAB\u00adSCHLUSS<\/p>\n\n\n\n<p>1. Die von Barefoot Allg\u00e4u ange\u00adbote\u00adnen Train\u00adingskurse, Beratungs\u2013 und Betreuungsleis\u00adtun\u00adgen sind eine unverbindliche Auf\u00adforderung an den Kun\u00adden, durch seine Anmel\u00addung ein verbindliches Ange\u00adbot zum Abschluss des jew\u00adeili\u00adgen Betreu\u00adungs\u2013 und\/oder Beratungsver\u00adtrages abzugeben. Die Anmel\u00addung erfolgt per Email, online auf der Webseite oder \u00fcber das Buchungsportal. Bei elek\u00adtro\u00adn\u00adis\u00adcher Buchung best\u00e4tigt Barefoot Allg\u00e4u den Ein\u00adgang der Anmel\u00addung unverz\u00fcglich per Email. Diese Ein\u00adgangs\u00adbest\u00e4\u00adtigung, die auch eine Wider\u00adrufs\u00adbelehrung und die son\u00adsti\u00adgen geset\u00adzlich vorgeschriebe\u00adnen Infor\u00adma\u00adtio\u00adnen enth\u00e4lt, stellt aus\u00addr\u00fcck\u00adlich noch nicht die Annahme der Anmeldung dar. Erst mit Zugang der Anmeldebest\u00e4\u00adti\u00adgung (per Email), in der die wesentlichen Merkmale\/Daten der gebuchten Leistung(en) nochmals zusam\u00admenge\u00adfasst sind, ist der Ver\u00adtrag geschlossen. Von diesen AGB abwe\u00adichende, indi\u00advidu\u00adelle Vere\u00adin\u00adbarun\u00adgen zwischen Barefoot Allg\u00e4u und dem Kun\u00adden wird Barefoot Allg\u00e4u schriftlich pro\u00adtokol\u00adlieren und dem Kun\u00adden zukom\u00admen lassen.<\/p>\n\n\n\n<p>2. Soll\u00adten Leis\u00adtungsange\u00adbote von einer aus\u00addr\u00fcck\u00adlich im Ange\u00adbot genan\u00adnten Min\u00addestteil\u00adnehmerzahl abh\u00e4ngig sein, beh\u00e4lt sich Barefoot Allg\u00e4u den R\u00fcck\u00adtritt vom Vertrag bei Nichter\u00adre\u00adichen der Min\u00addest\u00adteil\u00adnehmerzahl vor und wird bere\u00adits geleis\u00adtete Zahlun\u00adgen unverz\u00fcglich erstat\u00adten. Dar\u00fcber hin\u00adaus gehende Anspr\u00fcche des Kun\u00adden sind ausgeschlossen.<\/p>\n\n\n\n<p>3. Mit seiner Anmel\u00addung erkennt der Kunde die Gesch\u00e4fts\u00adbe\u00addin\u00adgun\u00adgen als Ver\u00adtrags\u00adbestandteil an und erk\u00adl\u00e4rt verbindlich, dass sein k\u00f6r\u00adper\u00adlicher Gesund\u00adheit\u00adszu\u00ads\u00adtand f\u00fcr die im Rah\u00admen der Train\u00adingsange\u00adbote geforderten Leis\u00adtun\u00adgen aus\u00adre\u00adichend ist und aus \u00e4rztlicher Sicht keine Bedenken beste\u00adhen. Danach auftre\u00adtende m\u00f6gliche Erkrankun\u00adgen oder andere gesund\u00adheitliche Prob\u00adleme m\u00fcssen Barefoot Allg\u00e4u vor Beginn des Trainings unbe\u00add\u00adingt mitgeteilt werden.<\/p>\n\n\n\n<p>III. VER\u00adTRAGS\u00adDAUER<\/p>\n\n\n\n<p>1. Die Dauer bzw. Min\u00addest\u00adlaufzeit des Beratungs\u2013 und\/oder Betreu\u00adungsver\u00adtrages richtet sich nach den jew\u00adeili\u00adgen Ange\u00adboten von Barefoot Allg\u00e4u. Im Barefootkurs sowie im Per\u00adsonal Coach\u00ading gilt der Ver\u00adtrag so lange, bis die indi\u00advidu\u00adell vere\u00adin\u00adbarte Anzahl an Kursstun\u00adden erf\u00fcllt ist. Es gel\u00adten die zum Zeit\u00adpunkt des Ver\u00adtragss\u00adchlusses im jew\u00adeili\u00adgen Barefoot Allg\u00e4u-Angebot und in der Anmeldebest\u00e4\u00adti\u00adgung angegebe\u00adnen Preise. F\u00fcr den Fall, dass der Kunde einzelne vere\u00adinbarte Leis\u00adtun\u00adgen nicht wahrn\u00adimmt, obwohl ihm diese ord\u00adnungs\u00adgem\u00e4\u00df ange\u00adboten wur\u00adden, kommt eine anteilige Ent\u00adgel\u00adter\u00adstat\u00adtung nicht in Betra\u00adcht. Sollte der Kunde auf\u00adgrund von Erkrankun\u00adgen und Ver\u00adlet\u00adzun\u00adgen die Dienstleis\u00adtung nicht in Anspruch nehmen k\u00f6n\u00adnen, kann bei Vor\u00adlage eines \u00e4rztlichen Attestes eine nachtr\u00e4gliche Betreu\u00adung oder Beratung f\u00fcr die Dauer der nicht in Anspruch genomme\u00adnen Train\u00adingsstunden erfolgen.<\/p>\n\n\n\n<p>IV. WIDER\u00adRUF<\/p>\n\n\n\n<p>1. Widerrufsbelehrung<\/p>\n\n\n\n<p>Verbraucher \u2013 dies ist gem\u00e4\u00df \u00a7 13 BGB ist jede nat\u00fcrliche Person, die ein Rechtsgesch\u00e4ft zu Zwecken abschlie\u00dft, die \u00fcberwiegend weder ihrer gewerblichen noch ihrer selbst\u00e4ndigen beruflichen T\u00e4tigkeit zugerechnet werden k\u00f6nnen \u2013 steht ein Widerrufsrecht zu.<\/p>\n\n\n\n<p>2. Widerrufsrecht<\/p>\n\n\n\n<p>Sie haben das Recht, jederzeit, sp\u00e4testens aber 3 Tage vor dem Coaching, ohne Angabe von Gr\u00fcnden diesen Vertrag zu widerrufen.<\/p>\n\n\n\n<p>Um Ihr Widerrufsrecht auszu\u00fcben, m\u00fcssen Sie mich (Robert Schr\u00f6ter \/ Telefon: 0176 41869389\u202c\/ Email:\u00a0robert@barefoot-allgaeu.de) mittels einer kurzen Erkl\u00e4rung \u00fcber Ihren Entschluss, diesen Vertrag zu widerrufen, informieren. Zur Wahrung der Widerrufsfrist reicht es aus, dass Sie die Mitteilung \u00fcber die Aus\u00fcbung des Widerrufsrechts vor Ablauf der Widerrufsfrist absenden.<\/p>\n\n\n\n<p>3. Folgen des Widerrufs<\/p>\n\n\n\n<p>Wenn Sie diesen Vertrag widerrufen, haben wir Ihnen alle Zahlungen, die wir von Ihnen erhalten haben, unverz\u00fcglich und sp\u00e4testens binnen 7 Tagen ab dem Tag zur\u00fcckzuzahlen, an dem die Mitteilung \u00fcber Ihren Widerruf dieses Vertrags bei uns eingegangen ist. F\u00fcr diese R\u00fcckzahlung verwenden wir das selbe Zahlungsmittel, das Sie bei der urspr\u00fcnglichen Transaktion eingesetzt haben, es sei denn, mit Ihnen wurde ausdr\u00fccklich etwas anderes vereinbart; in keinem Fall werden Ihnen wegen dieser R\u00fcckzahlung Entgelte berechnet.<\/p>\n\n\n\n<p>Haben Sie verlangt, dass die Dienstleistungen w\u00e4hrend der Widerrufsfrist beginnen soll, so haben Sie uns einen angemessenen Betrag zu zahlen, der dem Anteil der bis zu dem Zeitpunkt, zu dem Sie uns von der Aus\u00fcbung des Widerrufsrechts hinsichtlich dieses Vertrags unterrichten, bereits erbrachten Dienstleistungen im Vergleich zum Gesamtumfang der im Vertrag vorgesehenen Dienstleistungen entspricht.<\/p>\n\n\n\n<p>Ihr Widerrufsrecht erlischt vorzeitig, wenn der Vertrag von beiden Seiten auf Ihren ausdr\u00fccklichen Wunsch vollst\u00e4ndig erf\u00fcllt ist, bevor Sie Ihr Widerrufsrecht ausge\u00fcbt haben.<\/p>\n\n\n\n<p>V. ZAHLUN\u00adGEN<\/p>\n\n\n\n<p>Die Zahlung erfolgt \u00fcber das Buchungsportal oder vor Ort und ist im Voraus zu entrichten.&nbsp;<\/p>\n\n\n\n<p>VI. K\u00dcNDI\u00adGUNG<\/p>\n\n\n\n<p>Eine vorzeit\u00adige K\u00fcndi\u00adgung ist m\u00f6glich bei Vor\u00adlage eines aus\u00adsage\u00adf\u00e4hi\u00adgen \u00e4rztlichen Attestes, bei Wohnortwech\u00adsel, der die Fort\u00adset\u00adzung des Ver\u00adtrages unzu\u00admut\u00adbar machen sowie bei dem Kun\u00adden nicht zuzu\u00admu\u00adten\u00adden \u00c4nderun\u00adgen im Leis\u00adtungsange\u00adbot von Barefoot Allg\u00e4u. Bei berechtigter vorzeit\u00adiger K\u00fcndi\u00adgung wer\u00adden dem Kun\u00adden die bereits geleis\u00adteten Zahlun\u00adgen erstattet.<\/p>\n\n\n\n<p>VII. HAF\u00adTUNG<\/p>\n\n\n\n<p>Die Teil\u00adnahme am Kurs erfolgt auf eigenes Risiko und in Eigen\u00adver\u00adant\u00adwor\u00adtung des Kunden. Barefoot Allg\u00e4u haftet nur in F\u00e4llen, in denen ihm, einem geset\u00adzlichen Vertreter oder einem Erf\u00fcl\u00adlungs\u00adge\u00adhil\u00adfen, Vor\u00adsatz oder grobe Fahrl\u00e4s\u00adsigkeit zur Last fallen. Vorste\u00adhen\u00addes gilt nicht, soweit f\u00fcr Sch\u00e4\u00adden aus der Ver\u00adlet\u00adzung des Lebens, des K\u00f6r\u00adpers oder der Gesund\u00adheit gehaftet wird, sowie im Falle der Ver\u00adlet\u00adzung wesentlicher Vertragspflichten. Wesentliche Ver\u00adtragspflichten sind solche Pflichten, deren Erf\u00fcl\u00adlung die ord\u00adnungs\u00adgem\u00e4\u00dfe Durch\u00adf\u00fchrung des Ver\u00adtrages \u00fcber\u00adhaupt erst erm\u00f6glicht und auf deren Ein\u00adhal\u00adtung der Kunde regelm\u00e4\u00dfig ver\u00adtrauen darf. Au\u00dfer bei Vor\u00adsatz, grober Fahrl\u00e4ssigkeit und Sch\u00e4\u00adden aus der Ver\u00adlet\u00adzung des Lebens des K\u00f6r\u00adpers oder der Gesund\u00adheit, ist die Haf\u00adtung der H\u00f6he nach auf die bei Ver\u00adtragss\u00adchluss typ\u00adis\u00adcher\u00adweise vorhersehbaren Sch\u00e4\u00adden begrenzt. Barefoot Allg\u00e4u haftet nicht daf\u00fcr, dass durch die Beratung und das Train\u00ading bes\u00adtimmte Ergeb\u00adnisse erzielt wer\u00adden k\u00f6nnen.<\/p>\n\n\n\n<p>Da Fehler und Aus\u00adf\u00e4lle bei kom\u00adplexen Tech\u00adnolo\u00adgien wie dem Inter\u00adnet durch verschiedene Fak\u00adtoren nicht 100%ig aus\u00adgeschlossen wer\u00adden k\u00f6n\u00adnen (z.B. infolge von Server\u00adst\u00f6run\u00adgen, \u00dcber\u00adtra\u00adgungs\u00adfehlern beim Abruf vom Server), haftet Barefoot Allg\u00e4u nicht f\u00fcr die unun\u00adter\u00adbroch\u00adene Erre\u00adich\u00adbarkeit der Web\u00adsite und der zum Down\u00adload verf\u00fcg\u00adbaren Inhalte.<\/p>\n\n\n\n<p>VIII. STREITSCHLICHTUNG<\/p>\n\n\n\n<p>Wir nehmen nicht an einem Streitbeilegungsverfahren vor einer Verbraucherschlichtungsstelle teil. Das Gesetzes \u00fcber die alternative Streitbeilegung in Verbrauchersachen fordert aber, dass wir Sie trotzdem auf eine f\u00fcr Sie zust\u00e4ndige Verbraucherschlichtungsstelle hinweisen:<\/p>\n\n\n\n<p>Allgemeine Verbraucherschlichtungsstelle des Zentrums f\u00fcr Schlichtung e. V.<\/p>\n","protected":false},"excerpt":{"rendered":"<p>Barefoot Allg\u00e4u ALL\u00adGE\u00adMEINE GESCH\u00c4FTSBEDINGUNGEN I. GEL\u00adTUNGS\u00adBERE\u00adICH 1. F\u00fcr alle zwis\u00adchen Barefoot Allg\u00e4u, Gr\u00fcntenstr. 6, 87509 Immenstadt und seinen Kun\u00adden in den Bere\u00adichen l\u00e4uferische Train\u00adings\u00adbe\u00adtreu\u00adung und Train\u00adings\u00adber\u00adatung abzuschlie\u00dfen\u00adden Vertr\u00e4ge gel\u00adten auss\u00adchlie\u00dflich die nach\u00adfol\u00adgen\u00adden Bedin\u00adgun\u00adgen in ihrer zum Zeit\u00adpunkt des Ver\u00adtragss\u00adchlusses g\u00fclti\u00adgen Fas\u00adsung. Diese k\u00f6n\u00adnen unter der Webadresse\u00a0https:\/\/barefootmunich.com\/agb\u00a0jed\u00aderzeit aufgerufen und mit Hilfe Ihres Inter\u00adnet\u00adbrowsers aus\u00adgedruckt oder auf &hellip; <a href=\"https:\/\/barefoot-allgaeu.de\/?page_id=49\" class=\"more-link\"><span class=\"screen-reader-text\">AGB<\/span> weiterlesen<\/a><\/p>\n","protected":false},"author":1,"featured_media":0,"parent":0,"menu_order":0,"comment_status":"closed","ping_status":"closed","template":"","meta":{"_eb_attr":"","footnotes":""},"class_list":["post-49","page","type-page","status-publish","hentry"],"_links":{"self":[{"href":"https:\/\/barefoot-allgaeu.de\/index.php?rest_route=\/wp\/v2\/pages\/49","targetHints":{"allow":["GET"]}}],"collection":[{"href":"https:\/\/barefoot-allgaeu.de\/index.php?rest_route=\/wp\/v2\/pages"}],"about":[{"href":"https:\/\/barefoot-allgaeu.de\/index.php?rest_route=\/wp\/v2\/types\/page"}],"author":[{"embeddable":true,"href":"https:\/\/barefoot-allgaeu.de\/index.php?rest_route=\/wp\/v2\/users\/1"}],"replies":[{"embeddable":true,"href":"https:\/\/barefoot-allgaeu.de\/index.php?rest_route=%2Fwp%2Fv2%2Fcomments&post=49"}],"version-history":[{"count":6,"href":"https:\/\/barefoot-allgaeu.de\/index.php?rest_route=\/wp\/v2\/pages\/49\/revisions"}],"predecessor-version":[{"id":1187,"href":"https:\/\/barefoot-allgaeu.de\/index.php?rest_route=\/wp\/v2\/pages\/49\/revisions\/1187"}],"wp:attachment":[{"href":"https:\/\/barefoot-allgaeu.de\/index.php?rest_route=%2Fwp%2Fv2%2Fmedia&parent=49"}],"curies":[{"name":"wp","href":"https:\/\/api.w.org\/{rel}","templated":true}]}}